undreds digit of k(-1)?
1
Suppose 0*q - 27057 = -3*q + 2*x, -27015 = -3*q - 5*x. What is the hundreds digit of q?
0
Let s = 753 + 611. Suppose -3*b - 326 = -q, 2*b = 4*q + 5*b - s. What is the tens digit of q?
3
Suppose 33411 = 318*j - 275*j. What is the hundreds digit of j?
7
Let t = 21503 + -13173. What is the tens digit of t?
3
What is the units digit of (15328/48)/((-325)/(-45) + -7)?
7
Suppose -177*a = -88*a - 1614816. What is the hundreds digit of a?
1
Suppose -5*o - 1068 = 3*n - 4936, -3*n + 4*o + 3904 = 0. Suppose -79*c = -71*c - n. What is the hundreds digit of c?
1
What is the hundreds digit of ((-6)/8)/(-3) - (-1864394)/344?
4
Let s = -63 + 785. Suppose 2*w + b = 289, 0 = 5*w + 3*b - 0*b - s. What is the hundreds digit of w?
1
Let f = 741 - -4530. What is the units digit of f?
1
Let c = 26535 + -5672. What is the tens digit of c?
6
Suppose -18*m + 85481 = -29827. What is the units digit of m?
6
Suppose 21*q - 96815 = 173539 + 110166. What is the units digit of q?
0
Suppose 3*k + 3*t = 19181 + 42955, -2*t + 8 = 0. What is the ten thousands digit of k?
2
Let h(b) = -742*b + 172. What is the hundreds digit of h(-4)?
1
Let x(l) = -29*l**3 - 88*l**2 - 654*l + 5. What is the thousands digit of x(-8)?
4
Let z be (-4)/(-9 - -1) - 59/(-2). Suppose -5*w + z = -3*l + 9, 16 = -5*l + 2*w. Let s(u) = -12*u + 12. What is the tens digit of s(l)?
3
What is the tens digit of 92919/18*-3*(-7 + 5)?
7
Let i = -22 - -25. Suppose i*m + 9 = 0, -4*n + 4*m = -m - 3. What is the tens digit of 45*(n - (-18)/5)?
2
Let i be (13 - 9) + 17*-62. Let l = -602 - i. What is the tens digit of l?
4
Suppose -4*i + 7*i - 2*c - 809 = 0, c = i - 271. Let b = 861 - i. Suppose -5*s = s - b. What is the tens digit of s?
9
Let y(b) be the first derivative of 547*b**2/2 - 28*b + 28. What is the units digit of y(1)?
9
Let g(x) = 2*x**2 - 11*x - 20. Let y(i) = i**2 + 10*i - 1. Let f be y(-11). What is the tens digit of g(f)?
7
Suppose 56 = 43*q - 51*q. Let d(z) = -3*z**3 - 9*z**2 - 5*z + 8. What is the units digit of d(q)?
1
What is the units digit of (-31510 + 2)*((-4)/(-44) - 483/231)?
6
Let c = 39231 - 26607. What is the thousands digit of c?
2
Let o(z) = -153*z + 6893. What is the thousands digit of o(-65)?
6
Let i = -3114 + 5757. What is the tens digit of (0 - (-2 + 3))/((-3)/i)?
8
Suppose 2*d + 2786 = -25*j + 28*j, 3*d = 2*j - 1854. Let o = 1923 - j. What is the units digit of o?
3
What is the thousands digit of (1177400/(-44))/(-2) + 180/(-330)?
3
Let l(d) = 3*d + 12. Let o be l(21). Let b = o + 66. What is the hundreds digit of b?
1
Let z = -117 + 141. Suppose 0*n - z = -6*n. What is the hundreds digit of -225*((-16)/n + (-1 - -4))?
2
Let v = 151 + -159. Let l(u) = 3*u**2 + 7*u + 18. What is the units digit of l(v)?
4
Let m = -211 - -284. Suppose 0 = -3*c + m - 13. What is the tens digit of c?
2
Suppose -5*v + 12 = -4*q - 20, -2*v + 20 = -4*q. What is the tens digit of (-36520)/(-60) - 1/q?
0
Let c(i) = 84*i**2 + 96*i**2 - 86 - 190*i**2 + 21*i + i**3. What is the hundreds digit of c(12)?
4
Suppose -33*v = -25*v - 131568. What is the tens digit of v?
4
Let d be (801 + 0)*(-7)/(-21). Suppose -6*t + d = 111. Suppose -405 = -t*w + 21*w. What is the tens digit of w?
8
Let w(u) = -10*u**3 - 5*u**2 - 10*u - 36. What is the hundreds digit of w(-4)?
5
Let j = 267 - -8066. What is the hundreds digit of j?
3
Suppose 3*r + 13 = -3*m - 14, 0 = -2*r + 4*m + 12. Let p(q) = -2*q**3 + 5*q**2 + 3*q + 10. What is the tens digit of p(r)?
0
Let l = 43 + -48. What is the tens digit of (l*15/(-25))/((-6)/(-698))?
4
Suppose -2*x + 0 - 48 = 0. Let y = x + 31. What is the units digit of 1506/21 + 2/y?
2
Suppose 20*q + 15*q - 16*q - 235106 = 0. What is the ten thousands digit of q?
1
Suppose -5*g - 8 = 22. Let v be (-4 - -7)*(-20)/g. What is the tens digit of (30/v)/(0 - (-3)/31)?
3
Suppose -3*k - 6 = f + 2, -f - 16 = 5*k. Suppose 25 = 5*l + 5*v, l + 7*v - 4*v - 9 = 0. Suppose f*j - 630 = -l*j. What is the tens digit of j?
9
Suppose -21*g = 88*g - 14*g - 4324210. What is the units digit of g?
8
Let f = 196 - 194. Suppose -3*h = -5*m - 1519, 4*m + 518 = f*h - h. What is the units digit of h?
8
Suppose 271*a - 267*a - 2284 = 0. What is the tens digit of (-4 - -13 - 2) + a?
7
Suppose -13 = -4*c + j, 2 = 3*c - 3*j - 10. Suppose c*g - 990 = 48. What is the hundreds digit of g?
3
Let q = 5972 - 4074. What is the hundreds digit of q?
8
Let n(q) = 1 - q**3 + 7*q**2 + 6 + 2 + 13*q. Suppose 2*z - 3*z = -2*a - 15, 0 = 2*z + a - 10. What is the tens digit of n(z)?
0
Let l(d) = 13*d**2 - 12*d + 13. What is the tens digit of l(-9)?
7
Let k(f) = 5*f**2 + 73*f + 81. What is the thousands digit of k(-47)?
7
Let h = 3511 - 3475. What is the units digit of h?
6
Let m = 25809 + -2156. What is the hundreds digit of m?
6
Suppose m = -4*t + 3*t + 21, 0 = -2*m + 4*t + 54. Let f(a) = a - 24*a + 1 - 24*a**2 + m*a**2. What is the tens digit of f(-18)?
9
Let f(p) = p**2 + 4*p - 8. Let t be f(-6). What is the tens digit of t/22 + 1668/22?
7
Let h = -68715 + 98023. What is the hundreds digit of h?
3
Let k(i) = -47*i + 41. Let z(u) = 236*u - 207. Let x(y) = -22*k(y) - 4*z(y). What is the hundreds digit of x(6)?
4
Let r = 2 + 1. Let t be (r - (-53)/(-2))*-12. Suppose 0 = 277*h - t*h + 1340. What is the hundreds digit of h?
2
Let g = 278 + -274. Suppose -3*r = -8*r + g*s + 2699, 0 = 3*r - 5*s - 1609. What is the hundreds digit of r?
5
Suppose -16*q = 13*q + 101007. Let i = -2090 - q. What is the tens digit of i?
9
Suppose 5*b + 4*y - 220 = -y, 3*y = b - 52. Let g = 80 - b. Suppose 4 = -3*q + g. What is the units digit of q?
0
Suppose 0 = -7*l + 9*l - 4. Suppose 0 = k + 2*j + l, -4*k - 2*j = k + 10. What is the units digit of ((-1)/(-3))/(9/(-27)) - k?
1
Let x(r) = r**2 - 8*r - 58. Let g be x(-13). Suppose b = -3*o + g + 106, -2*b = -5*o - 587. What is the units digit of b?
6
Suppose 500*u = 497*u + 4*v + 31196, -41608 = -4*u + 2*v. What is the hundreds digit of u?
4
Suppose 40 - 2 = -3*p + 2*w, 5*w = 3*p + 23. What is the units digit of 218 + (p/(-2))/(-2)?
4
Let r(l) = l**3 + l**2 - 8*l + 2. Let f be r(2). Let y(k) = -47*k + 9. What is the units digit of y(f)?
3
Suppose -329 = -8*c - 313. Suppose 3*l - c*x = 315, -118 = 5*l - 6*l + 5*x. What is the tens digit of l?
0
Suppose a - 3*c - 1 = 5*a, 3*c = -a - 7. Let x(b) = -1 + 3*b + 8 - a*b + 83. What is the tens digit of x(0)?
9
Suppose 573 + 1655 = 4*k. Suppose -z = -4*r - 167, -3*z - 3*r + k = -r. What is the units digit of z?
3
What is the thousands digit of (7 + 4600/16)*(8 - -2)?
2
What is the units digit of (8/21)/(-4) - ((-8142376)/(-84))/(-11)?
2
Suppose 4*j - 52 = 4*p - 0, 0 = 4*j - 5*p - 55. Suppose 5*d + 6*t - 95 = 7*t, j = -2*t. What is the units digit of d?
8
Let c(w) be the second derivative of 769*w**3/3 + 27*w**2/2 + 27*w. What is the units digit of c(1)?
5
Let z(g) = -g**3 - 2*g**2 - 3*g - 1. Let y be z(-2). Suppose q - 52 = -d, 2*q + 0*q = -y*d + 104. What is the units digit of 2/(-8) + 481/q?
9
Suppose 34 = k + 31. Suppose -23 + 32 = k*b. What is the hundreds digit of ((-1)/b)/(4/(-1536))?
1
Suppose -2*l - d + 43279 = -2070, -5*l + 4*d = -113366. What is the ten thousands digit of l?
2
What is the tens digit of ((-24)/54)/(-2) - (635752/(-36) + -1)?
6
Suppose -15*o = 30 + 45. What is the units digit of 4*o/((-120)/318)?
3
Suppose 205*m - 208*m + 15 = 0. Suppose m*f = -7*f + 16524. What is the thousands digit of f?
1
What is the tens digit of (4755/(-9))/((-262)/36 - -7)*5?
1
Let u(l) = -4*l**2 + 5 - 2*l - 2*l + 21*l**3 + 0*l + 5*l**2. What is the hundreds digit of u(2)?
1
Let b(t) be the second derivative of t**4/6 + 9*t**3 + 8*t**2 + 2*t - 2. What is the tens digit of b(-27)?
1
Let m(k) = -2*k - 10. Let q be m(-5). Let w(r) = r + 319. What is the units digit of w(q)?
9
Let k(t) = -1444*t + 21658. What is the thousands digit of k(0)?
1
Suppose -56492 = -13*y + 28996. What is the hundreds digit of y?
5
Let f = 8907 - 3793. What is the thousands digit of f?
5
Let o(v) = -8*v**3 - 2*v - 2. Let y be o(-1). Let k be 8*((-4634)/y)/(-7). Suppose 0 = -5*p - 7 + k. What is the hundreds digit of p?
1
Let j(v) be the third derivative of -v**3 - 1/120*v**6 + 1/10*v**5 + 0 + 0*v - 14*v**2 - 1/24*v**4. What is the tens digit of j(5)?
1
Let d = -10578 + 22084. What is the hu